7385 a composite number?
True
Is 103089977 prime?
True
Is 1493084218 composite?
True
Is 2624662559 a prime number?
False
Is 12268818535 a prime number?
False
Is 62049968039 composite?
True
Is 89349973 composite?
False
Is 441790633 a composite number?
False
Is 20980191941 a prime number?
True
Is 581978339 a composite number?
False
Is 14006248873 a composite number?
False
Is 2123794619 a prime number?
True
Is 23567989477 prime?
False
Is 52341860281 a prime number?
True
Is 1972220357 a prime number?
True
Is 12464792497 a composite number?
True
Is 53380439507 a prime number?
True
Is 36900159851 prime?
True
Is 3829613741 a prime number?
True
Is 401841673 a prime number?
False
Is 74384677747 a prime number?
False
Is 30862764139 composite?
True
Is 56372470607 composite?
False
Is 49669706179 a prime number?
True
Is 19046917411 composite?
False
Is 1520681919 prime?
False
Is 1274941963 a composite number?
False
Is 19800215563 a prime number?
True
Is 4051756955 a prime number?
False
Is 6314089673 prime?
True
Is 683785819 composite?
False
Is 37573744919 prime?
True
Is 45521419 prime?
True
Is 289386127 a prime number?
False
Is 946826659 a prime number?
True
Is 988769437 a prime number?
False
Is 2346033013 prime?
True
Is 968946883 prime?
True
Is 2190291617 composite?
False
Is 22627151 composite?
False
Is 3031858507 a prime number?
False
Is 162895123 a composite number?
True
Is 2063375231 composite?
False
Is 115119491197 prime?
True
Is 37217851 composite?
True
Is 19023337511 composite?
False
Is 5870687 composite?
True
Is 9049278521 prime?
False
Is 1708397129 a prime number?
True
Is 69055211793 composite?
True
Is 1209947951 prime?
True
Is 6596309269 a composite number?
True
Is 1032197573 composite?
True
Is 1714943423 composite?
True
Is 20805029449 prime?
True
Is 999392773 a prime number?
False
Is 4292223233 prime?
False
Is 3867068299 composite?
True
Is 744971983 a prime number?
False
Is 47108721103 a composite number?
False
Is 52028567 prime?
False
Is 616730161 a composite number?
True
Is 22711371521 composite?
False
Is 187285201 a composite number?
False
Is 7335325303 prime?
True
Is 1433632217 a prime number?
True
Is 7610715803 prime?
False
Is 748177217 composite?
False
Is 19663141261 a composite number?
False
Is 1437611257 composite?
False
Is 33755789129 a prime number?
True
Is 163732037 a composite number?
True
Is 5460559801 a composite number?
True
Is 20872590617 composite?
False
Is 2482960357 a composite number?
True
Is 121133563 a composite number?
False
Is 187659943 a prime number?
False
Is 89381941 composite?
True
Is 9012427687 a composite number?
False
Is 50364296599 a composite number?
True
Is 32678636201 composite?
False
Is 4853423693 a prime number?
True
Is 171905065697 a composite number?
False
Is 13005243217 prime?
True
Is 42580566649 prime?
True
Is 2977113493 a composite number?
False
Is 16777471927 a composite number?
True
Is 1176583751 a composite number?
True
Is 2772196949 composite?
False
Is 231180559 composite?
False
Is 21439600723 a composite number?
True
Is 26250890233 prime?
True
Is 262708262417 composite?
True
Is 623866032871 a prime number?
True
Is 22555481789 a composite number?
False
Is 3133257229 prime?
True
Is 156653984363 a prime number?
False
Is 477914891 a prime number?
True
Is 22502747 a composite number?
True
Is 6637045561 a prime number?
True
Is 223324349 a composite number?
False
Is 5856285157 a composite number?
True
Is 28132739567 a composite number?
False
Is 497122981 a prime number?
True
Is 19578601195 prime?
False
Is 957706333 a composite number?
True
Is 37162513979 composite?
False
Is 22176710291 prime?
True
Is 10930735867 prime?
True
Is 41680766903 composite?
False
Is 1649406761 composite?
False
Is 366972773 prime?
True
Is 18743813 composite?
True
Is 720237097 a prime number?
False
Is 427077023 a prime number?
True
Is 27744162851 a composite number?
True
Is 212654443951 a composite number?
False
Is 2980437631 composite?
True
Is 1907371091 a composite number?
True
Is 6313623509 a composite number?
True
Is 52849553 a composite number?
False
Is 959062519 composite?
False
Is 78128488873 a prime number?
True
Is 24731672321 prime?
True
Is 3327760973 a prime number?
False
Is 8152593923 a prime number?
False
Is 326228129401 composite?
False
Is 18047990174 a composite number?
True
Is 56807938223 composite?
True
Is 126062171 composite?
False
Is 21425952143 prime?
True
Is 524289133 prime?
True
Is 48200709811 a composite number?
False
Is 82151738 a prime number?
False
Is 296578565 prime?
False
Is 4313283827 composite?
True
Is 1916468707 prime?
False
Is 5309320453 a prime number?
False
Is 2377347103 prime?
False
Is 228527162 prime?
False
Is 1372336243 a composite number?
False
Is 2711873519 a prime number?
True
Is 7249582927 a prime number?
True
Is 503849459 composite?
True
Is 539877469 a composite number?
True
Is 7485086131 a composite number?
True
Is 2147951447 prime?
True
Is 26078664981 composite?
True
Is 118475620939 composite?
True
Is 6909875587 a prime number?
True
Is 462428311 prime?
True
Is 9404303873 prime?
False
Is 666797881 a composite number?
True
Is 1191966382 a composite number?
True
Is 4696607143 composite?
False
Is 630212381 prime?
True
Is 16314389978 composite?
True
Is 85434641 a composite number?
True
Is 659205593 prime?
True
Is 44764522373 prime?
True
Is 2775373327 a prime number?
False
Is 11630266399 composite?
True
Is 2904176867 prime?
True
Is 1847272541 prime?
False
Is 27419621891 prime?
False
Is 139174681 prime?
True
Is 9863547211 a prime number?
False
Is 8206292669 a composite number?
False
Is 1154007203 composite?
False
Is 558579731 composite?
True
Is 768714743 a prime number?
True
Is 352650763 a prime number?
True
Is 7577749241 composite?
False
Is 1052567563 prime?
False
Is 25047039431 composite?
True
Is 8591955929 a prime number?
False
Is 167566901917 composite?
False
Is 1801271159 a prime number?
False
Is 1376242253 composite?
False
Is 22089710399 a composite number?
False
Is 7751191927 prime?
True
Is 2139860137 prime?
False
Is 54360497 prime?
True
Is 32592893771 prime?
False
Is 3804254627 prime?
True
Is 266485367 composite?
False
Is 8499674693 prime?
True
Is 3017957 a composite number?
False
Is 15996428765 a composite number?
True
Is 113020930003 a composite number?
True
Is 4860971006 a prime number?
False
Is 1498410073 a prime number?
False
Is 35032893673 composite?
True
Is 4994406971 prime?
False
Is 8527570759 composite?
True
Is 25977624227 a composite number?
False
Is 707347021 a composite number?
True
Is 948813433 a composite number?
False
Is 14164836071 a composite number?
False
Is 13802099503 a composite number?
False
Is 1295375929 prime?
True
Is 5050543889 composite?
True
Is 18037779917 a prime number?
False
Is 15417419123 a prime number?
True
Is 7606892323 a prime number?
True
Is 25509610961 a composite number?
True
Is 1172087677 prime?
True
Is 57886493129 prime?
False
Is 54332238403 a prime number?
False
Is 200171028217 composite?
False
Is 80809583 composite?
True
Is 12728354797 composite?
True
Is 609569813 prime?
True
Is 2227377913 prime?
True
Is 411941513 prime?
True
Is 85008839 a prime number?
True
Is 2810047081 a composite number?
False
Is 10860544447 prime?
False
Is 4912153469 composite?
True
Is 20870933 a prime number?
False
Is 506456411 a composite number?
False
Is 5191984159 composite?
False
Is 52153649 a prime number?
False
Is 1547300705 prime?
False
Is 2413926379 a composite number?
False
Is 1721485201 a composite number?
False
Is 2847014843 a prime number?
True
Is 1031975837 prime?
False
Is 13165160401 composite?
True
Is 840514019 a prime number?
False
Is 1607303713 a composite number?
False
Is 1430545661 a prime number?
False
Is 3158446591 a prime number?
True
Is 37150343 composite?
False
Is 32068245367 a composite number?
False
Is 52668793 prime?
False
Is 893598619 prime?
True
Is 101786225501 composite?
False
Is 4499246669 prime?
True
Is 392491409 prime?
True
Is 4268507959 a prime number?
False
Is 615513221 composite?
True
Is 15555893053 prime?
False
Is 19555548919 a prime number?
False
Is 12437847791 a composite number?
False
Is 3993690683 a prime number?
True
Is 81397186169 a prime number?
False
Is 10603918517 a composite number?
False
Is 1184530663 a composite number?
Tru